9*j - 10. Let b(z) = -7*c(z) - 5*t(z). Suppose 3*p + 0*p - 3 = 0. Let n = p - -3. What is b(n)?
7
Let g(c) = -c**3 - 3. Let m = 5 - 5. Suppose 4*s - 3*s = m. What is g(s)?
-3
Let h(w) be the first derivative of -w**4/4 - 2*w**3 - 3*w**2/2 + 6*w + 7. What is h(-5)?
-4
Let i(o) be the third derivative of o**7/210 - o**6/360 + o**3/2 - 2*o**2. Let j(y) be the first derivative of i(y). Calculate j(-1).
-5
Let v(c) = -c**3 - 5*c**2 + 2*c - 4. Suppose -35 = u + 6*u. What is v(u)?
-14
Suppose 6*d = 3*d + 15. Let g(x) = d + 2*x**2 + 3 - 2 - x**2. What is g(0)?
6
Suppose -18 = -3*d - 6. Let s(t) = -t**2 - 7*t + 4*t**2 - d*t**2 - 5. Determine s(-5).
5
Let d(z) = -3*z**3 - 2*z**2 - z + 3. Let i(p) = p**3 + p**2 - 1. Suppose -3 + 1 = -b + 4*u, 2*b = u - 3. Let l(n) = b*d(n) - 5*i(n). Calculate l(2).
7
Let q(m) be the third derivative of m**5/60 - m**4/6 - 4*m**3/3 + 19*m**2. Give q(6).
4
Let t(d) = 6*d**2 + 2*d + 8. Let i(b) = 5*b**2 + b + 7. Let f(c) = -5*i(c) + 4*t(c). Let w(y) = -y**2 + 2*y - 3. Let v(s) = -4*f(s) + 5*w(s). Calculate v(-3).
-6
Let w(h) = h - 8. Let m be w(4). Let q(n) = -2*n**3 - 3*n**2 + 3*n + 2. Let l(u) = -3*u**3 - 2*u**2 + 3*u + 2. Let p(k) = m*q(k) + 3*l(k). Calculate p(5).
8
Let o = -5 - -10. Suppose l - 19 = -o. Let i be 6/21 + (-18)/l. Let x(d) = 2*d + 1. Give x(i).
-1
Let y(c) be the second derivative of -c**3/6 - 5*c**2/2 + 2*c. Let f be (-4)/(-22) + 924/242. What is y(f)?
-9
Let z be (-12)/8*(-4)/3. Let y be (1 + 2 + 1)/z. Let p(d) = -2*d - 4*d**3 + 3*d**3 + 1 - y - 2*d**2. Calculate p(-1).
0
Let v(t) = 5*t - 2. Let r(s) = 6*s - 3. Let d(u) = 3*r(u) - 4*v(u). Let q = 108 - 71. Suppose -5*b + 2*i + 16 = q, 0 = 3*b + 4*i - 3. Determine d(b).
5
Let u(v) be the first derivative of v - 4/3*v**3 + 1/2*v**4 + v**2 + 3. Calculate u(2).
5
Let j be (-330)/(-105) - 1/(-2 - -9). Let v = -2 + 4. Let t(q) = j*q**2 + 0*q**v + 3*q + q**3 - 3 - 6*q**2. What is t(3)?
6
Let l(k) = -1 + 5 + k - 2 + 2*k**2 + 0*k**2 - k**3. Let a(d) = d**3 + 7*d**2 - d - 4. Let g be a(-7). Calculate l(g).
-4
Let r(b) = 2*b + 9. Let x be (-2)/(-4)*(1 - -17). Let z be x/(-3) - 12/4. Calculate r(z).
-3
Let f(o) = 10*o**2 - 7*o + 1. Let t(m) = -9*m**2 + 6*m - 1. Let k(c) = 4*f(c) + 5*t(c). Let p(l) = -l**3 + 6*l**2 - 5*l + 1. Let u be p(5). Give k(u).
-4
Let m(i) = 0*i + 0*i - i - 7. Let k be m(-9). Suppose 4*v + 3 = -r, -7 = -3*r - k*v - 2*v. Let l(y) = y**3 - 5*y**2 + y + 3. Give l(r).
8
Let b = 4 - 1. Let f(h) = 2 + 2 + 0*h**2 - h**2 + 2*h**3 - b*h**3. Calculate f(0).
4
Let f(n) = n**3 + 8*n**2 + 7*n - 4. Let q = -39 - -32. What is f(q)?
-4
Let l(s) be the first derivative of 0*s - 1 + 1/2*s**2. Let f = 3 - 6. What is l(f)?
-3
Suppose -16*d = -13*d + 21. Let c(n) = -n**2 - 7*n - 2. Determine c(d).
-2
Suppose 3*z - 2 = -5*j, -2*z - 5*j + 0 = 2. Let l(s) = s**3 - 4*s**2 + 2*s - 2. Determine l(z).
6
Let j(b) be the first derivative of -b**3/3 - 2*b**2 - 3*b + 8. Calculate j(-4).
-3
Let o = 4 + 2. Let t(s) = s - 4. Determine t(o).
2
Let x(t) = 3 + 0*t**2 - 13*t - 2*t**2 + t**2 + 12*t. Determine x(-3).
-3
Let z(h) be the first derivative of -5*h**2 - 5. Give z(-1).
10
Let p(x) = x**3 + 10*x**2 - 25*x - 16. Let s be p(-12). Let b(t) = -2*t - 8. Calculate b(s).
0
Let j(t) = -3*t - 4. Let i = 1 + 3. What is j(i)?
-16
Let m(u) be the first derivative of u**6/20 - u**3/6 - 3*u**2/2 + 5. Let a(y) be the second derivative of m(y). Give a(1).
5
Let h be -1*(1 - (5 - -2)). Let f(g) = g - 7. What is f(h)?
-1
Let k(h) be the first derivative of 2*h**2 + 5*h - 3. Let r(w) = -w - 1. Let g(u) = -k(u) - 2*r(u). Suppose -13 - 2 = 3*o. Calculate g(o).
7
Let r be (-3)/9 - (-28)/(-6). Let t(l) = -l**3 - 5*l**2 + l + 1. Determine t(r).
-4
Let m(h) be the third derivative of -h**4/24 + h**3/2 + 2*h**2. Let t = 19 - 13. Let n = -2 + t. Calculate m(n).
-1
Let t(m) = -1. Let o(v) = -v**3 + 4*v**2 + 7*v - 9. Let g(p) = o(p) - 6*t(p). Let k(w) = 2*w**2 - 5*w - 1. Let z be k(4). Let n = -6 + z. Determine g(n).
7
Let s(n) = -n**2 - 3*n + 5. Suppose -9*m + 10*m + 4 = 0. What is s(m)?
1
Suppose 0 = -n + 3*n - 6. Let d(v) = -v**3 + 3*v**2 + 2*v - 3. Determine d(n).
3
Let u(i) = -i - 2. Let z(a) = -a - 1. Let m(g) = -u(g) + 2*z(g). Calculate m(7).
-7
Let k(l) = -6*l**2 - 1 - l + 2*l - 3*l**3 + 2*l**3. Give k(-6).
-7
Suppose 0*d = 2*d - 8, 2*d = -4*h + 28. Suppose -3*j = -6 - 3. Let n(g) = -3*g**3 - 5 - 5*g**2 + 4*g**j + 2*g + 2 + 4. What is n(h)?
11
Let g(w) = -w**2 - 8*w + 1. Let x be g(-9). Let u(b) = b**2 + 8*b. Let p be u(x). Let i(f) = 0 + 10*f - 1 + p. Calculate i(1).
9
Suppose 2 = -3*z + 8. Let k(j) = j + 1. Determine k(z).
3
Let j(k) = -k**3 + 3*k**2 - 3*k + 3. Suppose 31 + 14 = 5*f. Suppose -b = -5*n + 10, 3*n - n + f = 3*b. What is j(n)?
-6
Let l(x) = x**3 - 4*x**2 - 3*x - 2. Let a = -7 + 28. Suppose 3*h - a = -6. Give l(h).
8
Suppose 2*d = -5*j + 9 + 14, -4*j + 4*d - 4 = 0. Let g be (4 - (6 - j))/(-1). Let a be g/(-4) + (-26)/8. Let k(p) = -p**2 - 5*p - 3. What is k(a)?
3
Let i = 11 - 7. Suppose -s = -0*s - 2, 2*s = -i*z + 12. Let k(a) = -4 + z*a + 0 - a**2 - 1 - 9*a. Calculate k(-5).
5
Let s(q) = q**3 + q**2 + 3*q. Let p(i) = -i**3 - i**2 + 1. Let k(y) = 2*p(y) + s(y). Suppose 0 = 5*t - 0*t + 10. Give k(t).
0
Let r(z) be the second derivative of z**4/12 - z**3/3 - z**2/2 + z. Let l(n) = -n**2 - 4*n + 3. Let g be l(-5). Determine r(g).
7
Let o(t) = -5*t + 3. Let q be o(2). Let w = -12 - q. Let p(h) = 2*h + 1. Calculate p(w).
-9
Let h(c) be the second derivative of -1/2*c**2 - 2*c - 5/12*c**4 + 0 + 1/3*c**3. Let q be 3/(4 - 2 - -1). Calculate h(q).
-4
Let z = -7 + 10. Let d(b) = 5 - 2*b - 5*b**2 - z + 4*b**2. Determine d(2).
-6
Let p(q) = 5*q**2 - 4*q**2 + 2*q**2 - 4*q**2 - 4 + 5*q. Give p(3).
2
Let y = 78 + -84. Let h(n) = 3*n**3 + 5*n**2 - 2*n + 6. Let s(v) = 4*v**3 + 5*v**2 - v + 6. Let a(l) = 3*h(l) - 2*s(l). Give a(y).
-6
Let p(i) = i**3 - i + 1. Suppose x + 1 + 3 = -w, 0 = 5*x + 4*w + 16. Let u be 3 - x - (4 - 1). Calculate p(u).
1
Let r(b) = 2*b + 5. Let c = 99 - 104. Determine r(c).
-5
Let h(o) = -o + 4. Let q(k) = -5*k**2 - 3*k**2 - 8 + 7*k**2 - 12*k. Let m be q(-10). Suppose 6 = 3*t - 4*p + p, p = 3*t - m. Calculate h(t).
-1
Let f(x) = -1 + x - 8*x**3 + x**2 - x**3 + 0*x. Determine f(1).
-8
Let h(c) = 5*c**2 - c**2 + 5 - 5*c**2 + 4*c. Let x(d) = -d**3 - 6*d**2 + 7*d + 5. Let g(w) = w**2 - 5*w - 3. Let p be g(4). Let b be x(p). What is h(b)?
0
Let h(k) = 4*k - 5*k - 6 + 4. Let s be h(3). Let n(t) = -t**2 - 4*t - 6. Calculate n(s).
-11
Let a(z) = 5*z**3 + 2*z**2 + 3*z - 3. Let h(m) = -6*m**3 - m**2 - 2*m + 2. Let j(t) = 2*a(t) + 3*h(t). Suppose -7*k + 4*k + 3 = 0. What is j(k)?
-7
Let l = 14 - 10. Let v(u) = -3*u**3 + l*u**3 - 6*u**2 + 4*u + 5 + 1. Determine v(5).
1
Let a(k) = 7*k - 1. Let b be a(1). Let m(n) = 3*n - 30. Let s(i) = -10 - i + i + i. Let h(d) = b*m(d) - 17*s(d). What is h(6)?
-4
Let h(t) be the first derivative of t**2/2 + 6*t - 17. Determine h(9).
15
Let s(v) = -4*v + 1 + 10*v + 0*v. Let j be s(-1). Let i(y) = y**3 + 5*y**2 + 3*y + 2. Give i(j).
-13
Let c(s) = -s + 1. Let z(o) = -o**2. Let p be z(-1). What is c(p)?
2
Let j(a) be the third derivative of a**5/60 - 7*a**4/24 + 4*a**3/3 - 24*a**2. Calculate j(7).
8
Let h(i) = i + 9. Let a be h(-7). Suppose 5*k = -4*p + 29, 4*k + 9 - 1 = 2*p. Let s(b) = -b - 6. Let z(j) = j + 7. Let n(d) = p*s(d) + 5*z(d). What is n(a)?
-3
Suppose 5*k + 2*h - 71 = 3*h, 5*k + 2*h = 68. Let y(q) = 2 - 1 + 14*q - k*q - 6*q**3. Give y(-1).
7
Let b = -3 - -6. Let x(g) be the second derivative of 0 - 3*g - g**2 - 1/2*g**3. Give x(b).
-11
Let x(l) = 5*l - 1. Let v = -24 + 23. What is x(v)?
-6
Let m(x) = 8*x. Let r(g) = 4*g - 59. Let y be r(15). What is m(y)?
8
Let m(y) = 3*y**2 - 3*y - 4*y**2 + 10*y - 4. Let u = 342 + -337. What is m(u)?
6
Let g(n) be the third derivative of -n**5/60 - n**4/3 - 5*n**3/3 - n**2 - 19. Give g(-7).
-3
Let r(u) = 3 - 2 - 2 - 62*u + 63*u. Suppose -4*n - 11 = -f, 3*f - 5*n + 0*n - 5 = 0. Calculate r(f).
-6
Let j(z) = z - 5. Let v be j(5). Suppose -4*g + 5*g - 3 = v. Let h(c) = c**3 - 4*c**2 + 5*c - 4. Calculate h(g).
2
Let b(o) = 15*o**3. Let z be (1/3)/(4/(-36)*3). Calculate b(z).
-15
Let p(d) = d**3 - 4*d**2 - 6*d - 1. Let w = 20 - 30. Let b(z) = z + 12. Let m be b(w). Let k be 2 - m*(-3)/2. What is p(k)?
-6
Let